 factor of 968 and 195778?
242
Calculate the greatest common factor of 22 and 1433982.
22
What is the highest common divisor of 624 and 103792?
208
Calculate the highest common factor of 1040 and 2122900.
260
Calculate the greatest common factor of 375 and 67250.
125
What is the highest common divisor of 1728 and 4800?
192
Calculate the highest common factor of 7443 and 918.
9
What is the greatest common divisor of 8457 and 4208767?
2819
Calculate the greatest common factor of 155 and 105.
5
Calculate the greatest common factor of 180 and 1288944.
36
Calculate the greatest common divisor of 26781 and 57291.
339
What is the greatest common divisor of 23220 and 129860?
860
Calculate the highest common factor of 71118 and 81.
81
What is the greatest common divisor of 383 and 37151?
383
Calculate the greatest common factor of 1635883 and 422.
211
Calculate the greatest common factor of 6 and 60469.
1
Calculate the highest common divisor of 28861 and 1197.
133
What is the greatest common divisor of 294 and 1053794?
98
Calculate the highest common divisor of 64332 and 45.
9
Calculate the greatest common divisor of 1659867 and 2148.
537
What is the greatest common divisor of 18 and 423630?
18
Calculate the highest common divisor of 470 and 189598.
94
Calculate the highest common factor of 1653954 and 2196.
366
Calculate the greatest common factor of 14620 and 1325260.
860
What is the greatest common factor of 60 and 3583284?
12
Calculate the greatest common factor of 1036009 and 26.
13
Calculate the greatest common factor of 376 and 200.
8
Calculate the greatest common factor of 21 and 233261.
7
What is the highest common factor of 42657 and 236?
59
Calculate the greatest common divisor of 92582 and 238.
238
What is the highest common divisor of 4975 and 475?
25
What is the greatest common factor of 461 and 923844?
461
What is the greatest common factor of 92274 and 84?
42
What is the highest common factor of 79326 and 378?
54
What is the highest common divisor of 16031 and 3910?
391
Calculate the highest common factor of 372 and 26288.
124
What is the greatest common divisor of 468479 and 11?
11
What is the greatest common factor of 480 and 1461920?
160
Calculate the highest common factor of 640 and 30608.
16
Calculate the highest common factor of 2652 and 588.
12
What is the greatest common divisor of 1463 and 413402?
209
What is the greatest common divisor of 75795 and 33945?
465
What is the greatest common divisor of 15189 and 12993?
183
Calculate the highest common divisor of 2002 and 5122.
26
What is the greatest common factor of 943 and 188876?
23
Calculate the greatest common factor of 120598 and 272.
34
What is the greatest common divisor of 2 and 3321?
1
What is the highest common factor of 2739 and 142179?
249
What is the greatest common factor of 51 and 9741?
51
Calculate the greatest common factor of 4175 and 13861.
167
What is the greatest common divisor of 13 and 204503?
13
Calculate the greatest common divisor of 100 and 25.
25
Calculate the highest common divisor of 14179 and 33.
11
Calculate the greatest common factor of 492263 and 211.
211
What is the greatest common factor of 4140 and 605?
5
What is the greatest common divisor of 420 and 425670?
210
Calculate the greatest common divisor of 11025 and 15729.
147
What is the greatest common factor of 8483 and 2006?
17
Calculate the greatest common factor of 1049475 and 30.
15
Calculate the greatest common factor of 456 and 760.
152
Calculate the greatest common divisor of 1530 and 15030.
90
Calculate the greatest common factor of 10720 and 200.
40
Calculate the highest common factor of 270725 and 66521.
1547
Calculate the greatest common factor of 2070 and 10548.
18
What is the greatest common factor of 239899 and 44?
11
What is the greatest common divisor of 2989 and 305?
61
What is the highest common factor of 1895 and 3411?
379
Calculate the highest common factor of 160 and 56352.
32
Calculate the highest common factor of 12 and 149814.
6
Calculate the highest common divisor of 100979 and 419.
419
What is the highest common divisor of 114504 and 5505?
1101
What is the greatest common divisor of 9 and 4057857?
9
Calculate the highest common factor of 8850 and 46525.
25
Calculate the greatest common divisor of 21 and 1049097.
21
What is the greatest common divisor of 18157 and 56910?
271
Calculate the highest common factor of 855 and 912380.
95
Calculate the greatest common factor of 2736 and 174.
6
Calculate the greatest common divisor of 580 and 1440285.
145
Calculate the greatest common factor of 2916 and 10968534.
1458
What is the highest common divisor of 111 and 3783?
3
Calculate the highest common factor of 1181732 and 8.
4
Calculate the highest common factor of 228 and 73488.
12
What is the greatest common divisor of 425232 and 576?
144
What is the greatest common factor of 108402 and 812?
406
Calculate the highest common divisor of 4 and 119748.
4
What is the highest common factor of 167572 and 4?
4
Calculate the highest common factor of 1656 and 3473.
23
Calculate the greatest common divisor of 32898 and 6.
6
What is the greatest common factor of 2821 and 224?
7
Calculate the highest common factor of 82 and 861451.
41
Calculate the greatest common divisor of 5 and 2214865.
5
Calculate the greatest common factor of 228470 and 682.
682
Calculate the greatest common divisor of 17279 and 1961.
37
What is the highest common factor of 1251 and 588804?
417
What is the highest common divisor of 75 and 3850?
25
Calculate the greatest common factor of 853640 and 40.
40
What is the greatest common divisor of 58818 and 24?
6
What is the highest common divisor of 14310 and 5830?
530
What is the greatest common factor of 64 and 476944?
16
What is the greatest common factor of 2332 and 2173?
53
Calculate the highest common divisor of 41807 and 14453.
97
Calculate the highest common factor of 2684 and 154616.
44
What is the greatest common divisor of 960129 and 144?
9
Calculate the greatest common divisor of 1972935 and 2295.
765
Calculate the greatest common factor of 18250 and 100.
50
What is the greatest common divisor of 45 and 174345?
15
Calculate the highest common factor of 3305665 and 11.
11
Calculate the highest common divisor of 10584365 and 265.
265
What is the greatest common divisor of 3452691 and 22?
11
What is the highest common divisor of 91 and 1526?
7
Calculate the greatest common divisor of 371 and 62699.
371
What is the highest common divisor of 116645 and 205?
205
Calculate the greatest common factor of 945 and 240.
15
What is the highest common factor of 31 and 3294649?
31
What is the greatest common divisor of 218739 and 17?
17
Calculate the highest common factor of 4010 and 10827.
401
What is the highest common divisor of 1053 and 518310?
117
Calculate the greatest common divisor of 22302 and 168.
42
Calculate the greatest common factor of 15 and 147765.
15
What is the highest common factor of 101 and 11413?
101
What is the greatest common factor of 493405 and 220?
55
Calculate the greatest common divisor of 111 and 129870.
111
What is the highest common divisor of 3220 and 3565?
115
What is the greatest common divisor of 287 and 204959?
41
Calculate the highest common divisor of 10101 and 13377.
273
Calculate the highest common divisor of 2266802 and 274.
274
What is the greatest common divisor of 567733 and 145?
29
What is the highest common factor of 56550 and 261?
87
Calculate the greatest common divisor of 205710 and 30.
30
What is the highest common factor of 300 and 55050?
150
What is the highest common factor of 18106 and 1453418?
1646
What is the highest common divisor of 61654 and 58?
58
What is the highest common divisor of 156367 and 542?
271
What is the highest common factor of 85735 and 65?
65
Calculate the highest common factor of 1089 and 4576.
11
What is the highest common divisor of 111 and 1029?
3
What is the greatest common divisor of 18 and 888606?
18
What is the greatest common factor of 235332 and 1728?
108
Calculate the greatest common factor of 210 and 226530.
30
Calculate the greatest common factor of 1690 and 2810.
10
Calculate the highest common divisor of 139216 and 4068.
452
Calculate the greatest common divisor of 1898 and 2353.
